ainder when 17 is divided by d?
1
Suppose 3*k - k - 6 = 0. Suppose -5*d + 2*g + 64 = 0, -k*g + 3 = -d + 21. What is the remainder when d is divided by 8?
4
Let c(q) = -7*q + 76. Suppose 1 = -2*f + 41. What is the remainder when c(0) is divided by f?
16
Calculate the remainder when 822 is divided by (-20)/8*(-88)/(-4)*-1.
52
Suppose -399 = -2*h - 5*z, -13*h + 10*h - 2*z + 604 = 0. Calculate the remainder when h is divided by 103.
99
Let l = -6 - -65. Suppose 6*f - 50 - 76 = 0. Calculate the remainder when l is divided by f.
17
Let f = -15 + 26. Suppose 0 = -15*t + 78 + 12. Calculate the remainder when f is divided by t.
5
Let p be ((-6)/1)/((-4)/326). Suppose -5*j + 2*m - 5*m + p = 0, 101 = j - m. What is the remainder when j is divided by 20?
19
Let n be -1*((-10)/5 - 3). Suppose 4*q = -n*a + 122 + 26, -4*q = -5*a + 132. Calculate the remainder when 111 is divided by a.
27
Let f(z) = 52*z + 35. Calculate the remainder when f(6) is divided by 6.
5
Let q = -862 + 933. Suppose -5*v + 0*v + 90 = 0. Calculate the remainder when q is divided by v.
17
Let f(o) = o**2 - o + 11. Let c(x) = x + 30. Suppose -24 = -2*i + l - 2, 12 = 2*i + 4*l. Calculate the remainder when c(i) is divided by f(0).
7
Let b(s) = -2*s - 16. Let w be b(12). Calculate the remainder when 219 is divided by (16 - 17)/(2/w).
19
Suppose -5*s = 4*h, -s = -6*h + 3*h. Suppose s*w + 30 = 3*w. Calculate the remainder when (312/(-195))/(2*2/(-70)) is divided by w.
8
Let y = -90 + 111. Calculate the remainder when 564 is divided by y.
18
Let d be (-6)/(-18) + (-2)/(6 + 0). Suppose 6*r - 2*r - 76 = d. Calculate the remainder when 74 is divided by r.
17
Let g be (-25 - (-5)/(-5))*-1. Let z = g + -24. What is the remainder when 4 is divided by z?
0
Let i be 48*1*-3*(-1)/3. Suppose -2*m + 412 = 2*z + i, -704 = -4*m + 4*z. What is the remainder when m is divided by 18?
17
Let i(b) = 5*b**2 - 11*b + 16. Let m(a) = a**2 + 2*a + 3. Calculate the remainder when i(3) is divided by m(-5).
10
Let u = 1 + 35. Let y be ((-8)/(-18))/2 + (-320)/(-180). Suppose u = y*d - 0*d. What is the remainder when d is divided by 10?
8
Suppose -9*k = -6*k - 1077. Let v be k - (2 - (0 + 0)). Suppose -2*p = p - v. What is the remainder when p is divided by 30?
29
Suppose -5*z = -5, g = 7*z - 2*z + 10. Suppose -g = -4*w + w. What is the remainder when w + 3/((-6)/4) is divided by 3?
0
Suppose 61*s - 4004 = 9*s. Calculate the remainder when s is divided by 6.
5
Let z = 99 + -21. Let n = z - 58. Calculate the remainder when 74 is divided by n.
14
Let u(g) = 6*g - 17. Let t be u(9). Suppose -2*h = s - t, -5*h - s - 2*s + 95 = 0. Calculate the remainder when 58 is divided by h.
10
Let x(w) = 19*w - 4. Let t(l) = 19*l - 3. Let j(h) = -4*t(h) + 3*x(h). What is the remainder when 36 is divided by j(-1)?
17
Let w = 552 + -438. Calculate the remainder when w is divided by 30.
24
Let l be 6/((-4)/8*2). Let m be 4*3/l + -8. Let y = m + 14. Calculate the remainder when 9 is divided by y.
1
Suppose -2*l = 5*g + 30, l = -4*l + 25. Let v = g + 23. Calculate the remainder when v is divided by 32/(-20)*15/(-4).
3
Let o(v) = 4*v - 8. Let n be o(0). What is the remainder when (-6)/(-8) - 58/n is divided by 2?
0
Let j = -126 - -141. Calculate the remainder when 204 is divided by j.
9
Suppose s + 4*m = -3, 166*m - 170*m = -3*s + 39. Calculate the remainder when 384 is divided by s.
6
Let m(z) = 3*z**2 - 26*z + 49. What is the remainder when 436 is divided by m(0)?
44
Suppose -20*x + 385 = -1535. Calculate the remainder when x is divided by 29.
9
Let j(o) = -o**3 - 3*o**2 - 6*o - 33. What is the remainder when j(-6) is divided by 43?
25
Suppose -53*h + 35*h + 1872 = 0. Suppose -5*y - 2*k = -95, y = -2*y + 3*k + 78. Calculate the remainder when h is divided by y.
20
Let y = 129 + -23. Suppose 2*v + 64 = 3*d, -39*d + 38*d = -5*v - 17. Calculate the remainder when y is divided by d.
18
What is the remainder when 227 is divided by ((-1)/(-1))/((-51)/(-2907))?
56
Let f = 175 - 63. Let g = f + -78. Calculate the remainder when g is divided by 6.
4
Let y be (-4)/(8/(-3)) + (-10)/(-20). Let t = 20 - 9. What is the remainder when 21 - (-5)/(-3 - y) is divided by t?
9
Let k be 16/(-3)*(-9)/6. Suppose 0 + k = q. Let t(v) = -v**3 - 2*v**2 + 15*v + 14. What is the remainder when t(0) is divided by q?
6
What is the remainder when 6/(-15) - (-2821)/65 is divided by 8?
3
Suppose 6*p = -7*p - 26. Calculate the remainder when 46 is divided by ((-24)/(-9))/(p/(-9)).
10
Suppose 27*n - 171 = 18*n. What is the remainder when 89 is divided by n?
13
Suppose -32*c - 168 = -38*c. Calculate the remainder when 727 is divided by c.
27
Suppose 3*l - 27 = z, -l = 4*z + 3 + 1. What is the remainder when 167 is divided by l?
7
Suppose 6*x - 5*x - 5*l = 56, -x + 4*l + 51 = 0. What is the remainder when 65 is divided by x?
3
Suppose -2*f - 2*m = -188, 9*f - m = 6*f + 290. Calculate the remainder when f is divided by 50.
46
Let v = 12 + -6. Suppose -i = -3*w - 3, 2*i - v = -0*i + 4*w. Calculate the remainder when 6/1 - (0 + i) is divided by 1.
0
Let h(s) = -3*s + 6 - 4*s + 0. Let c(z) = 8*z - 58. Let g be c(7). Calculate the remainder when h(g) is divided by 11.
9
Suppose 0*p = -5*p + 240. Suppose 3*t + 0 = -3. What is the remainder when p is divided by (-85)/10*t*2?
14
Let u(l) = 3*l - 5. Let j(d) = 8*d + 6. What is the remainder when j(20) is divided by u(6)?
10
Suppose 4*u = 4*n + 1112, 8*u - 280 = 7*u + 3*n. Calculate the remainder when u is divided by 93.
91
Let b(u) = -3*u**2 - 2*u. Let r(v) = -9*v**2 - 6*v - 1. Let q(i) = -7*b(i) + 2*r(i). Calculate the remainder when (-1)/(-3) + 83/3 is divided by q(-2).
4
Suppose 2*w - r - 908 = 0, -120 = 2*w + 2*r - 1016. Calculate the remainder when w is divided by 23.
15
Suppose 0 = h + 3*h - 12. Suppose 4*y - 4 = 0, -21*n + 4*y - 7 = -18*n. Calculate the remainder when 14 is divided by h*n/(-3) + 4.
4
Suppose -2*i + 0 = -22. Calculate the remainder when 53 is divided by i.
9
Let n = -1303 + 2032. What is the remainder when n is divided by 43?
41
Let f(d) = -179*d - 1754. Suppose 3*u - 35 = -2*n, 0*u - u = -3. Calculate the remainder when f(-10) is divided by n.
10
Suppose 0 = -c - c - 5*h + 15, 5*c = -5*h + 75. Let a(m) = -19*m + 1. Calculate the remainder when a(-3) is divided by c.
18
Let b be 2 + -6 + (-3)/(-3 - -2). What is the remainder when b/4 + 2305/20 is divided by 17?
13
Suppose -3*q = 3*j - 21, 5*q = 4*j - 5 - 5. What is the remainder when 23 is divided by j?
3
Suppose 0 = -586*f + 592*f - 1212. Calculate the remainder when f is divided by 6.
4
Suppose 3*d + 25 = 4*s - 7, -5 = 3*s + 5*d. Suppose s*x - 272 = -i + 120, 150 = 2*x - 3*i. Suppose 4*z = z + x. Calculate the remainder when 49 is divided by z.
23
Suppose 3*v - 3 = 0, v + 51 = 3*c - 38. What is the remainder when 206 is divided by c?
26
Suppose -4*t + n = -2, t + 5*n + 10 = 3*t. Suppose -3*y - y - 84 = t. Let q = 31 + y. Calculate the remainder when 37 is divided by q.
7
Let h = 468 + -281. Let m = -100 + h. Suppose -m = -4*f + 65. Calculate the remainder when f is divided by 14.
10
Suppose 0 = -83*d + 63*d + 26340. What is the remainder when d is divided by 44?
41
Suppose -9412 = -54*j + 28*j. What is the remainder when j is divided by 73?
70
Let w = 5 - 9. Let l(v) be the second derivative of v**4/12 - 3*v**3/2 + v**2 + 105*v. Calculate the remainder when l(w) is divided by 8.
6
What is the remainder when (-1)/(-6 + 3766/628) is divided by 45?
44
Suppose 0 = -2*r - 3*i + 16, 4*i - 24 = -3*r + i. Suppose -6*t - 4*k = -t - 117, 2*t - 51 = -3*k. What is the remainder when t is divided by r?
5
Let f(h) = -2*h + 11. Let q be f(4). Suppose 3*m = 4*w + 108, 0 = -q*m + w + 117. What is the remainder when m is divided by 11?
7
Suppose -2*p - 32 = -g, -79 = 3*g + p - 210. Suppose -2*v + g = v. What is the remainder when 53 is divided by v?
11
Let b(s) = s**3 + 12*s**2 + 19*s - 8. Calculate the remainder when 249 is divided by b(-9).
57
Let h be (-3)/2 + 205/(-10). Let a = -12 - h. Suppose r - 5 = 5*c + 24, -4*r + 21 = -c. Calculate the remainder when a is divided by r.
2
Calculate the remainder when 182 is divided by -38*(15/6 - 3).
11
Let x be 34/8 + (-1)/4. Suppose 2*g - x = 36. Calculate the remainder when (1 - 2) + (0 - -39) is divided by g.
18
Suppose -3 = 3*h 